Calculate the remainder when (2/(-2))/(x/(-564)) is divided by h.
11
What is the remainder when 107 is divided by (-10 + 2)*(-4)/((-32)/(-30))?
17
Suppose 0 = 2*x - 200 + 182. What is the remainder when (-4)/4 + 1*36 is divided by x?
8
Suppose -q + 94 = -v, 3*v + 0*v - 341 = -4*q. Calculate the remainder when q is divided by 18*(6 + -3 + -2).
17
Suppose 3*c - 4 = 2, 4*d - 3*c - 50 = 0. Suppose 11*g - 664 = -81. What is the remainder when g is divided by d?
11
Let i be (56/(-12) - -5)*306. Let s = 119 - i. Calculate the remainder when 168 is divided by s.
15
Let u = -526 + 811. Suppose 5*m - 95 - u = 5*t, -4*m + 264 = 4*t. What is the remainder when m is divided by 9?
8
Let s = -838 - -911. What is the remainder when 282 is divided by s?
63
Suppose 0 = -6*s + 2679 + 1011. Calculate the remainder when s is divided by 20.
15
Let j be 243/(-36)*(-112)/(-6). Let q = -72 - j. Calculate the remainder when q is divided by 11.
10
Suppose 15 = 3*d - 0. Suppose -63 = -d*m - 3. What is the remainder when m is divided by 3?
0
Suppose -7*l - 189 = -28*l. What is the remainder when 17 is divided by l?
8
Suppose 0 = 5*y + 3*i - 110, -89 = -5*y + 3*i - 9. Let f = 66 + -15. Let j = 88 - f. What is the remainder when j is divided by y?
18
What is the remainder when (-158)/553 + (2 - (-5424)/21) is divided by 9?
8
Let q = 1231 + -1219. Calculate the remainder when 263 is divided by q.
11
Let o(s) = -s**3 - 13*s**2 + 45*s - 18. Calculate the remainder when o(-16) is divided by 4.
2
Let i(o) = 3*o - 4. Let u be i(2). Let f(a) = 2*a**2 - 2*a**2 + 22*a**3 - 2*a**2 + 0*a**u + a. What is the remainder when 83 is divided by f(1)?
20
Let i = 1298 + -995. Calculate the remainder when i is divided by 76.
75
Let q = 77 - 83. Suppose 3*x + 2*x = 80. What is the remainder when ((20/q)/(-1))/((-4)/(-36)) is divided by x?
14
Calculate the remainder when 24 is divided by 7 + ((-7)/7)/((-3)/12).
2
Suppose 45 = 3*n - 0*n. Suppose -374 = 30*r - 1604. Calculate the remainder when r is divided by n.
11
Let r(z) = 16*z - 19. Let j be (165/(-25) - -8)/((-1)/(-5)). What is the remainder when r(j) is divided by 24?
21
Let j(i) = -6*i - 41. Calculate the remainder when 123 is divided by j(-9).
6
Let n = 1 + -8. Suppose -3*j + 4*m + 60 = 0, j = -0*j - 2*m + 10. Calculate the remainder when (-437)/n - (-12)/(-28) is divided by j.
14
Suppose -4*g = v - 1190, 2*g + 3*v - v - 598 = 0. What is the remainder when g is divided by 13?
11
Let h = -5 + 3. Let b be 3 + -6 - (h - 5). Let l = b + 61. Calculate the remainder when l is divided by 22.
21
Let n be -1*15*(-3)/9. Let r = -3 - -10. Suppose -r*i + 30 = -n*i. What is the remainder when 56 is divided by i?
11
Let w(o) = -o**2 + 17*o + 4. Let j be w(15). Suppose n = l - 54, j = l + n + 2*n. What is the remainder when 195 is divided by l?
48
Suppose -60*i = -48*i - 168. Suppose 64 = -0*s + 8*s. What is the remainder when i is divided by s?
6
Let k be 3*(-28)/(-12) + 5. What is the remainder when (0 - (-3)/(-4))/((-3)/k) is divided by 2?
1
Let w be ((-3)/9)/((-1)/(-3)). Let c(j) = -j**2 - 2*j - 1. Let u be c(w). Suppose u = 3*p + p - 28. Calculate the remainder when 46 is divided by p.
4
Suppose 250 = -5*r + 2*q, -5*r - 250 = -3*q - q. Let x = r + 85. Let o = 44 + 23. What is the remainder when o is divided by x?
32
Suppose 5*v = 3*g - 172, -g + v + 33 = -27. Calculate the remainder when g is divided by 3.
1
Let o(d) = d**2 + 10*d - 33. Let r be o(-15). Suppose 14*w = 8*w + r. Calculate the remainder when 102 is divided by w.
4
Calculate the remainder when 229 is divided by (-1160)/(-115) - (-26)/(-299).
9
Let x(q) = 42*q + 311. Calculate the remainder when 90 is divided by x(-7).
5
Let v(u) = -u**3 + 9*u**2 + 10*u + 7. What is the remainder when v(9) is divided by ((-1088)/160 - (-1)/(-5))*-2?
13
Suppose -10*i + 7119 = 1459. Calculate the remainder when i is divided by 15.
11
Suppose 4*d - 220 = 12. Suppose 233 = 5*j + d. Calculate the remainder when j is divided by 13.
9
Calculate the remainder when 76 is divided by 51/(-18) + 3 + 315/54.
4
Let s be 4*(-2)/(1*-2). Let m = 44 + -39. Suppose -3*l - s*g = -13, 0*l + 80 = m*l - 5*g. Calculate the remainder when 54 is divided by l.
10
Calculate the remainder when 84 is divided by ((-45)/10)/(-2 - 164/(-88)).
18
Let z = 1184 + -1117. What is the remainder when 666 is divided by z?
63
Suppose -f = -2*r - 48, -4*r = -25 + 5. Calculate the remainder when 228 is divided by f.
54
Suppose 490 = -3*g + 38*g. Calculate the remainder when 25 is divided by g.
11
Suppose 5*g - 13 - 32 = 0. Let w = 8 + g. What is the remainder when w is divided by 5?
2
Suppose 0 = m + 5 - 7. Let u(i) = 0 - 6*i**2 + 0 - m*i**3 + 7 + i**3. What is the remainder when u(-6) is divided by 5?
2
Let l = -95 - -106. Let x(g) be the first derivative of g**3/3 - 5*g**2 + g + 3. What is the remainder when 22 is divided by x(l)?
10
Let z(n) = n**2 + 7*n - 3. Let v be z(-8). Let f = v + -3. What is the remainder when 5 is divided by (f/3)/((-6)/(-27))?
2
Suppose -9*b - 5*b + 9 = -11*b. Let v = 37 - 15. Calculate the remainder when v is divided by b.
1
Let c(m) = -m**2 + 14*m - 12. Calculate the remainder when 127 is divided by c(6).
19
Suppose 26*b - 19*b = 441. What is the remainder when 122 is divided by b?
59
Suppose 0 = -54*r - 14*r + 30872. Calculate the remainder when r is divided by 19.
17
Suppose 0 = -6*i - 43*i + 1176. Calculate the remainder when 48 is divided by i.
0
Let x be 39/91 - 92/(-14). Let r(f) = f + 2. What is the remainder when 32 is divided by r(x)?
5
Let z = 775 + -769. What is the remainder when 21 is divided by z?
3
Let j(r) = -2*r**3 + 48*r**2 + r - 19. What is the remainder when (-33)/(-2) + 2/4 is divided by j(24)?
2
Let h = -2157 + 2201. What is the remainder when 165 is divided by h?
33
Suppose 0 = 18*v - 25*v + 1029. What is the remainder when v is divided by 26?
17
Suppose -2*b - 5*z + 106 = 0, -3*b + 76 = -z - 117. Calculate the remainder when b is divided by 23.
17
Let y = -555 + 586. Calculate the remainder when 152 is divided by y.
28
Let g be (-27)/3*(-10)/6. What is the remainder when 2/g*104 - 2/(-15) is divided by 4/10 + (-18)/(-5)?
2
Suppose -y + 0*t - 2 = -2*t, -t = -5. Suppose -10 = -2*b + y. What is the remainder when 35 is divided by b?
8
Let r = 246 - 138. Calculate the remainder when r is divided by 50.
8
Let p be 129/15 + 4/10. Let r be (-3 - (-21)/9)*p. Let l = r - -23. What is the remainder when l is divided by 6?
5
Suppose 3*g + 133 = -5*r + 3*r, -4*r + g = 245. What is the remainder when 2535/18 - (r/12 - -5) is divided by 24?
21
Let q(x) = -4*x. Let m be q(-1). Suppose -4*o = 5*l - 269, -m*o = -l + 5*l - 216. What is the remainder when l is divided by 14?
11
Suppose 84*n - 432 = 48*n. What is the remainder when 535 is divided by n?
7
Suppose -3*m + 76 + 170 = 0. What is the remainder when m is divided by 12?
10
Suppose 2*o + 1 = c, 3*c + 25 = -5*o + c. Suppose -4*m + 31 = 5*b, -m + 4*m = 2*b + 29. Calculate the remainder when m is divided by (8 - (-80)/(-8))/(2/o).
0
Suppose 23*f - 68 = 21*f. Calculate the remainder when 133 is divided by f.
31
Suppose 1 - 25 = -5*d - t, 0 = 3*d - t - 8. Suppose d*a - 28 - 380 = 0. What is the remainder when a is divided by 26?
24
Suppose 5*q - 6*u + 4*u = 180, -4*q = 5*u - 177. Calculate the remainder when q is divided by 14.
10
Let t = -602 + 642. Let i(m) = 3*m**2 - 5*m + 2. Let w = 9 + -6. Calculate the remainder when t is divided by i(w).
12
Suppose 6*w - 2*f - 45 = 5*w, -f - 145 = -4*w. What is the remainder when 135 is divided by w?
30
Suppose -4*j - 2*b = j - 89, 70 = 4*j + 2*b. Let v = -91 + 75. Let g = 40 - v. What is the remainder when g is divided by j?
18
Let z be 21/(-5) - 2/(-10). Calculate the remainder when z/5*470/(-4) is divided by 24.
22
Let m(h) = -17*h - 51. What is the remainder when 407 is divided by m(-7)?
67
Let w = -10 + 7. Let q = 15 + w. Calculate the remainder when 37 is divided by (-25)/(-2) + 6/q.
11
Let y = 0 - -2. Calculate the remainder when y is divided by (2/7)/(6/42).
0
Let l = 65 - -18. Suppose 0 = 3*g - 0*g - 18. What is the remainder when l is divided by (-42)/(0 - 9/g)?
27
Suppose -5*g + 60 = -5*m, -3*g - 4*m + 8 = -0*m. Let o(r) = 13*r**3 - r**2 + r - 1. What is the remainder when o(1) is divided by g?
4
Suppos